ive s(-7).
22
Let t(q) = -3*q**2 + 17*q + 14. Calculate t(8).
-42
Let c(j) = -11*j + 6. Determine c(1).
-5
Let r(g) = 5*g + 4. Calculate r(-2).
-6
Let t(l) = -2*l**2 + 35*l - 100. What is t(14)?
-2
Let m(z) = z**2 - 3*z - 4. Determine m(4).
0
Let f(t) = t + 6. Calculate f(-10).
-4
Let l(f) = f**2 + 18*f + 51. What is l(-15)?
6
Let y(p) = -9*p - 1. Determine y(1).
-10
Let a(m) = -m**2 + 9*m - 12. What is a(6)?
6
Let m(v) = 24*v - 3. Calculate m(2).
45
Let u(v) = -8*v + 2. Calculate u(2).
-14
Let f(a) = 19*a - 241. Determine f(12).
-13
Let h(x) = -x**3 - 6*x**2 - 12*x - 20. Determine h(-4).
-4
Let f(b) = 33*b - 246. What is f(7)?
-15
Let x(y) = -6*y**2 + 51*y - 26. Determine x(8).
-2
Let z(c) = c**3 + 15*c**2 - 21*c - 40. Give z(-16).
40
Let i(m) = 2*m**2 + 41*m - 49. Give i(-22).
17
Let l(w) = w**2 - 6*w + 13. Give l(7).
20
Let b(h) = 3*h**2 + 8*h + 17. Give b(-2).
13
Let a(w) = -w**3 + 13*w**2 - 29*w + 75. What is a(11)?
-2
Let g(k) = 2*k + 15. Calculate g(-11).
-7
Let h(c) = -c**3 + 6*c**2 - 7*c + 2. Determine h(4).
6
Let j(q) = -q**3 + 15*q**2 - 14*q + 1. Calculate j(14).
1
Let x(u) = 2*u**3 + u**2 - 3. What is x(-3)?
-48
Let y(r) = r**2 + 14*r + 26. What is y(-12)?
2
Let r(o) = o**2 - 35*o - 308. Determine r(-7).
-14
Let a(b) = b**3 + 12*b**2 - 26*b + 6. Determine a(2).
10
Let b(y) = 5*y**2 - 14*y - 12. Determine b(-1).
7
Let m(r) = 5*r + 44. Give m(-11).
-11
Let b(k) = -k**2 - 5*k + 3. Give b(-6).
-3
Let q(s) = s**2 + 29. Determine q(0).
29
Let c(t) = -4*t + 4. What is c(5)?
-16
Let b(z) = z**3 - 5*z**2 + 26*z - 115. Determine b(5).
15
Let z(h) = -6*h + 17. Give z(6).
-19
Let v(j) = -j - 53. What is v(-51)?
-2
Let d(o) = -o**3 - 10*o**2 - 3*o + 9. What is d(-9)?
-45
Let d(s) = -s**3 - 8*s**2 - 19*s + 2. Calculate d(-4).
14
Let x(b) = -2*b - 2. Calculate x(-3).
4
Let y(r) = -r**2 + 8*r + 6. What is y(8)?
6
Let s(z) = 2*z**2 + 27*z + 25. Calculate s(-12).
-11
Let p(y) = y**2 - 6*y - 147. Calculate p(15).
-12
Let b(t) = -t**3 - 14*t**2 - 12*t - 1. Calculate b(-13).
-14
Let q(c) = -2*c**2 - 12*c + 42. Calculate q(4).
-38
Let d(c) = -3*c**3 + 12*c**2 + 4*c - 7. Calculate d(3).
32
Let v(h) = -22*h + 3. Calculate v(3).
-63
Let o(y) = -y**2 - 17*y - 6. Give o(-9).
66
Let j(o) = o**3 - 21*o**2 + 19*o + 22. Give j(20).
2
Let x(q) = -2*q - 3. Determine x(-2).
1
Let z(u) = -u - 2. Calculate z(9).
-11
Let w(x) = x**2 - 4*x + 4. Give w(4).
4
Let l(s) = -13*s**2 - 3*s + 3. Give l(1).
-13
Let b(u) = 2*u**3 - 8*u**2 + 3*u - 3. Calculate b(4).
9
Let l(q) = 7*q + 14. What is l(-5)?
-21
Let x(g) = g**2 - 14*g + 11. Give x(13).
-2
Let h(o) = -5*o**3 + 2*o**2 - o. What is h(1)?
-4
Let y(d) = d - 6. What is y(-9)?
-15
Let n(j) = -18*j - 7. Give n(3).
-61
Let f(r) = -r + 8. Give f(15).
-7
Let h(b) = -b**2 - 11*b - 22. Calculate h(-4).
6
Let l(a) = 9*a - 8. Give l(5).
37
Let h(d) = 4*d - 16. Calculate h(16).
48
Let s(h) = -h**3 - 14*h**2 + 14*h - 18. Give s(-15).
-3
Let v(z) = 22*z + 1337. Give v(-61).
-5
Let f(j) = -j**3 + j**2 + 5*j + 11. Calculate f(-6).
233
Let t(g) = -g**2 - 10*g - 19. What is t(-8)?
-3
Let z(o) = -o**2 - 30*o + 36. Give z(-30).
36
Let y(m) = -m**2 + m - 2. Give y(-3).
-14
Let v(y) = -7*y. Determine v(-8).
56
Let l(n) = n**3 - 6*n**2 + n - 2. Determine l(6).
4
Let w(f) = -f**3 - 12*f**2 - 23*f - 8. What is w(-10)?
22
Let u(m) = m**2 - 25*m - 835. Give u(44).
1
Let w(z) = z**3 - 14*z**2 + 25*z - 30. What is w(12)?
-18
Let x(m) = 2*m**3 - 64*m**2 - 3*m + 78. What is x(32)?
-18
Let k(c) = -c**3 - 15*c**2 - 35*c + 17. Determine k(-12).
5
Let g(x) = 2*x**2 + 24*x + 18. Determine g(-10).
-22
Let m(v) = v**3 - 5*v**2 + 11*v - 17. Determine m(6).
85
Let v(j) = j**3 - 5*j**2 - 6*j + 1. Calculate v(6).
1
Let i(k) = -32*k - 1. What is i(-1)?
31
Let w(x) = -x**2 - 2*x + 16. Calculate w(-5).
1
Let c(b) = -2*b**2 + 14*b - 19. Calculate c(8).
-35
Let z(g) = g**3 - 2*g**2 + 3*g - 9. Determine z(6).
153
Let y(i) = -2*i**3 + 8*i**2 - 2*i - 11. Determine y(5).
-71
Let n(p) = -p**2 - 32*p - 130. What is n(-27)?
5
Let k(s) = s**2 - 6*s - 7. Calculate k(10).
33
Let u(g) = -2*g**3 - 7*g**2 - 7*g + 5. Determine u(-4).
49
Let d(h) = -h + 11. What is d(18)?
-7
Let h(v) = v**2 - 14*v + 14. Give h(12).
-10
Let d(b) = -25*b - 281. Give d(-11).
-6
Let f(v) = 3*v**3 + 12*v**2 - 4*v - 12. Calculate f(-4).
4
Let u(x) = 13*x + 86. Calculate u(-8).
-18
Let h(y) = 5*y - 8. Give h(12).
52
Let s(b) = b**2 + 81. Calculate s(0).
81
Let o(z) = -9*z + 20. Determine o(-1).
29
Let v(b) = 26*b + 188. What is v(-7)?
6
Let s(a) = -13*a + 20. What is s(4)?
-32
Let g(l) = -l**3 - 16*l**2 + 15*l - 24. Give g(-17).
10
Let m(x) = 2*x - 6. Determine m(6).
6
Let h(u) = u**2 + 10*u + 5. What is h(-11)?
16
Let c(z) = -z**2 + 19*z - 8. What is c(11)?
80
Let q(o) = -o**2 + 6*o + 4. Determine q(6).
4
Let i(m) = m**2 - 9*m + 10. Give i(8).
2
Let z(d) = 7*d**2 + 4*d + 4. Calculate z(-2).
24
Let p(i) = 5*i - 9. Determine p(6).
21
Let r(y) = -4*y**3 + 21*y**2 - 2*y + 7. What is r(5)?
22
Let r(h) = h**3 + 5*h**2 - 10*h + 21. Calculate r(-7).
-7
Let d(c) = -3*c**3 - c**2 - 3*c + 3. Give d(2).
-31
Let v(d) = 2*d**3 + d**2 + 3*d - 2. Calculate v(-3).
-56
Let c(f) = -f**2 - 9*f - 4. Determine c(-7).
10
Let w(y) = y**3 - 3*y**2 - 24*y + 20. Calculate w(-4).
4
Let g(n) = -4*n. Calculate g(-6).
24
Let r(d) = -2*d**3 - d**2 + 7*d + 9. Determine r(-2).
7
Let v(n) = -n**3 - 5*n**2 + 7*n. Give v(-6).
-6
Let w(l) = l**3 - 7*l**2 - 7*l - 100. Give w(9).
-1
Let q(r) = -46*r + 505. Calculate q(11).
-1
Let f(h) = 4*h**2 + 5*h + 2. Determine f(-3).
23
Let t(d) = d**3 + 7*d**2 - 9*d - 3. Give t(-8).
5
Let c(y) = -y**3 - 9*y**2 + 30*y + 16. What is c(3)?
-2
Let o(z) = z**3 - 34*z**2 - 35*z + 14. Calculate o(35).
14
Let y(w) = 5*w - 15. What is y(8)?
25
Let q(w) = 2*w + 5. What is q(-4)?
-3
Let p(z) = 3*z**2 + 5*z - 9. Give p(-5).
41
Let g(i) = i**2 - 27*i - 60. What is g(-2)?
-2
Let d(a) = -23*a**2 + 2*a + 1. What is d(2)?
-87
Let g(b) = -b**3 - 12*b**2 + 47*b + 35. Give g(-15).
5
Let g(f) = -2*f + 9. Determine g(8).
-7
Let w(r) = -4*r**2 - 26*r + 14. Determine w(-8).
-34
Let s(q) = -q**2 + 22*q - 56. Calculate s(19).
1
Let x(i) = i**3 - 9*i**2 + 13*i + 8. Calculate x(6).
-22
Let w(s) = s + 8. What is w(-4)?
4
Let z(n) = n**3 - 9*n**2 + 18*n + 2. What is z(4)?
-6
Let p(u) = 3*u + 3. Give p(5).
18
Let k(n) = -3*n**2 - 10*n - 3. Give k(-8).
-115
Let l(i) = -10*i**2 + i - 1. Determine l(-1).
-12
Let u(y) = -2*y + 17. What is u(7)?
3
Let a(h) = h**3 - 5*h**2 - 12*h - 4. What is a(7)?
10
Let g(p) = 19*p - 9. Calculate g(1).
10
Let d(g) = -g**3 + g**2 - 7*g + 14. What is d(4)?
-62
Let r(n) = 10*n - 11. Calculate r(6).
49
Let a(g) = 2*g**2 + 2*g + 7. What is a(-5)?
47
Let f(d) = d**3 + 10*d**2 - d - 7. Calculate f(-10).
3
Let w(s) = -14*s + 175. Give w(10).
35
Let p(t) = -2*t**3 - 24*t**2 - 63*t + 10. Give p(-8).
2
Let x(m) = 51*m + 206. What is x(-4)?
2
Let m(q) = -12*q**2 - 17*q + 15. Determine m(1).
-14
Let p(x) = -x**3 - 20*x**2 + 22*x + 29. Give p(-21).
8
Let v(j) = -j**2 + 5*j - 2. Determine v(6).
-8
Let q(k) = k**3 - 6*k**2 + 5*k - 14. What is q(4)?
-26
Let z(y) = -38*y + 38. What is z(1)?
0
Let g(p) = 7*p + 30. What is g(-11)?
-47
Let q(n) = 3*n**3 + 80*n**2 - 27*n + 4. Determine q(-27).
4
Let n(b) = b**3 + 13*b**2 + 15*b - 9. What is n(-12)?
-45
Let f(w) = -2*w**2 + 11*w - 17. What is f(4)?
-5
Let r(g) = -g**3 - 12*g**2 + 12*g - 19. Give r(-13).
-6
Let m(b) = 9*b**2 - b - 4. Give m(-2).
34
Let v(i) = i**3 + 3*i**2 + i + 7. Give v(-3).
4
Let i(h) = -h**3 + 2*h**2 + 7*h + 10. Calculate i(-3).
34
Let j(w) = w**3 + 34*w**2 + 36*w + 87. What is j(-33)?
-12
Let i(v) = 2*v**3 - 15*v**2 - 12*v + 28. Calculate i(8).
-4
Let f(i) = -i. Determine f(-6).
6
Let g(n) = -n**2 - 6*n - 9. What is g(-5)?
-4
Let j(y) = 4*y**3 + 8*y**2 - 8*y - 2. Determine j(-3).
-14
Let c(g) = 2*g**2 - 37*g + 16. Determine c(17).
-35
Let l(m) = 15*m + 3. What is l(-2)?
-27
Let i(f) = -f. What is i(-1)?
1
Let i(b) = -7*b**2 - 4*b - 2. Calculate i(-2).
-22
Let p(c) = -c**3 + 4*c**2 - c - 3. What is p(4)?
-7
Let c(l) = 4*l - 12. Calculate c(4).
4
Let g(k) = 8*k**2 - 6*k + 7. Determine g(5).
177
Let i(n) = -4*n + 22. What is i(5)?
2
Let p(b) = 21*b - 1. What is p(2)?
41
Let j(p) = -5*p - 32. Give j(-5).
-7
Let c(s) = -s**3 + 14*s**2 + 9. Give c(14).
9
Let l